ue
Is 11959 prime?
True
Is 15541 prime?
True
Is 5645 prime?
False
Is 6439 a composite number?
True
Is 102491 a composite number?
True
Is 153213 prime?
False
Is 80083 a composite number?
True
Is 192327 a prime number?
False
Is 488603 composite?
False
Is 26327 prime?
False
Is 1003 a composite number?
True
Is 11855 a prime number?
False
Is 27883 composite?
False
Is 2046295 a prime number?
False
Is 459517 prime?
False
Is 132403 a prime number?
True
Is 17417 prime?
True
Is 6947 prime?
True
Is 10489 composite?
True
Is 307 a composite number?
False
Is 331631 a composite number?
True
Is 5351 a composite number?
False
Is 889 a composite number?
True
Is 112835 a prime number?
False
Is 2569 composite?
True
Is 31957 composite?
False
Is 276271 composite?
True
Is 92773 composite?
True
Is 27681 a prime number?
False
Is 49453 composite?
True
Is 151201 a composite number?
False
Is 22423 a prime number?
False
Is 2932837 a composite number?
False
Is 42487 a composite number?
False
Is 313507 a prime number?
True
Is 23267 composite?
True
Is 73147 composite?
True
Is 23183 composite?
True
Is 1102441 a prime number?
True
Is 10195 composite?
True
Is 11537 composite?
True
Is 4663 a composite number?
False
Is 5897 a composite number?
False
Is 197329 a composite number?
True
Is 3907329 prime?
False
Is 101759 prime?
False
Is 548609 a composite number?
True
Is 12273 composite?
True
Is 17905 a prime number?
False
Is 7297 a prime number?
True
Is 18817 composite?
True
Is 57497 composite?
True
Is 23105 a composite number?
True
Is 34253 a prime number?
True
Is 10007 a composite number?
False
Is 52489 prime?
True
Is 32921 a prime number?
False
Is 1176074 a prime number?
False
Is 28939 composite?
True
Is 8059 a composite number?
False
Is 142061 a composite number?
False
Is 29741 a composite number?
False
Is 1171 prime?
True
Is 975967 composite?
False
Is 133409 a composite number?
True
Is 23249 a composite number?
True
Is 5189 prime?
True
Is 330874 prime?
False
Is 58787 a prime number?
True
Is 1220657 a prime number?
True
Is 70387 a composite number?
True
Is 55661 a composite number?
False
Is 104245 composite?
True
Is 35885 composite?
True
Is 6931 prime?
False
Is 142181 composite?
True
Is 7837 a composite number?
True
Is 73693 a prime number?
True
Is 31461 a composite number?
True
Is 81331 a composite number?
False
Is 54479 prime?
False
Is 8351 a prime number?
False
Is 47129 a composite number?
False
Is 1145741 a prime number?
True
Is 40799 prime?
False
Is 72613 a composite number?
False
Is 27769 a prime number?
False
Is 1688483 prime?
False
Is 118603 prime?
True
Is 48835 a composite number?
True
Is 1110115 composite?
True
Is 1260221 a composite number?
True
Is 336521 prime?
True
Is 697 a prime number?
False
Is 3089 a prime number?
True
Is 58129 a composite number?
False
Is 1363 prime?
False
Is 6067 a composite number?
False
Is 95527 a composite number?
False
Is 84913 a prime number?
True
Is 8501 a prime number?
True
Is 13643 composite?
True
Is 9791 a prime number?
True
Is 22459 a prime number?
False
Is 4604083 composite?
True
Is 48293 composite?
True
Is 50021 a prime number?
True
Is 827213 a composite number?
False
Is 191657 a prime number?
True
Is 287849 composite?
False
Is 302627 prime?
False
Is 1529 a prime number?
False
Is 89 prime?
True
Is 5219 a composite number?
True
Is 76561 a prime number?
True
Is 21143 a composite number?
False
Is 384271 composite?
True
Is 61001 a prime number?
True
Is 3098 a prime number?
False
Is 62599 a composite number?
True
Is 2051 a composite number?
True
Is 5219 composite?
True
Is 679163 a prime number?
False
Is 196331 a composite number?
False
Is 30449 prime?
True
Is 524257 a composite number?
False
Is 22426 prime?
False
Is 91401 composite?
True
Is 89021 prime?
True
Is 41647 prime?
True
Is 31709 a composite number?
True
Is 7307 prime?
True
Is 1511 a prime number?
True
Is 410339 a composite number?
False
Is 154903 composite?
True
Is 15242 a composite number?
True
Is 739273 composite?
False
Is 126137 prime?
False
Is 409783 composite?
True
Is 1010663 composite?
True
Is 32871 prime?
False
Is 5969 a prime number?
False
Is 14683 a prime number?
True
Is 924769 a composite number?
False
Is 120319 prime?
True
Is 137503 composite?
True
Is 34819 a prime number?
True
Is 10793 a composite number?
True
Is 5455 a composite number?
True
Is 11573 a composite number?
True
Is 223403 prime?
True
Is 17159 composite?
False
Is 93169 a composite number?
False
Is 581207 composite?
True
Is 21977 composite?
False
Is 706561 prime?
True
Is 66631 composite?
True
Is 211283 prime?
True
Is 20633 composite?
True
Is 23623 composite?
False
Is 16871 a composite number?
False
Is 383731 a prime number?
False
Is 25255 composite?
True
Is 533509 composite?
False
Is 84913 a composite number?
False
Is 7559 prime?
True
Is 807713 prime?
False
Is 4639711 a composite number?
True
Is 11035 prime?
False
Is 8413 prime?
False
Is 63967 composite?
True
Is 296071 a prime number?
True
Is 19807 composite?
True
Is 158889 a composite number?
True
Is 281797 composite?
False
Is 20323 prime?
True
Is 589579 prime?
True
Is 20759 a composite number?
False
Is 30309 a prime number?
False
Is 5515 a prime number?
False
Is 44645 a composite number?
True
Is 53187 prime?
False
Is 137077 a composite number?
False
Is 354949 a prime number?
False
Is 44819 a prime number?
True
Is 4971 composite?
True
Is 35537 composite?
False
Is 1073 composite?
True
Is 26479 a prime number?
True
Is 1395943 a prime number?
True
Is 45707 prime?
True
Is 375967 a prime number?
True
Is 431 composite?
False
Is 22735 a prime number?
False
Is 34781 a prime number?
True
Is 202471 a composite number?
False
Is 11541 composite?
True
Is 2437 prime?
True
Is 30802 a composite number?
True
Is 9397 prime?
True
Is 921 a composite number?
True
Is 739217 prime?
True
Is 1277065 composite?
True
Is 25001 a prime number?
False
Is 316961 prime?
True
Is 3613 prime?
True
Is 124769 a prime number?
True
Is 9521 a prime number?
True
Is 94123 a composite number?
True
Is 446003 prime?
True
Is 138218 a prime number?
False
Is 1123 a prime number?
True
Is 124847 a composite number?
False
Is 15551 a prime number?
True
Is 9767 a prime number?
True
Is 25219 a composite number?
False
Is 1490935 a prime number?
False
Is 24659 a prime number?
True
Is 541627 a prime number?
False
Is 2578 a composite number?
True
Is 4699 a composite number?
True
Is 260609 composite?
False
Is 1195409 a composite number?
True
Is 8587 composite?
True
Is 557699 a composite number?
True
Is 521281 composite?
False
Is 1361659 prime?
False
Is 39557 composite?
True
Is 85867 composite?
True
Is 33287 composite?
False
Is 74278 composite?
True
Is 1193579 composite?
True
Is 528571 composite?
True
Is 576943 prime?
True
Is 849829 prime?
True
Is 1381381 a composite number?
False
Is 372037 composite?
False
Is 473254 prime?
False
Is 1987 a prime number?
True
Is 350157 composite?
True
Is 1438 prime?
False
Is 2129 a prime number?
True
Is 19547 a composite number?
True
Is 4247 a prime number?
False
Is 317 prime?
True
Is 5228869 composite?
False
Is 132917 a composite number?
True
Is 1078265 a prime number?
False
Is 10951 composite?
True
Is 58817 composite?
True
Is 141383 composite?
True
Is 512873 composite?
True
Is 128017 prime?
False
Is 13027 composite?
True
Is 10007 a prime number?
True
Is 2119 prime?
False
Is 9286 prime?
False
Is 119039 prime?
True
Is 55049 composite?
False
Is 56263 a prime number?
True
Is 5027 a prime number?
False
Is 5765 composite?
True
Is 7558 a composite number?
True
Is 30367 prime?
True
Is 6667 a composite number?
True
Is 413617 prime?
False
Is 3912983 a composite number?
False
Is 72669 a prime number?
False
Is 67657 a composite number?
True
Is 8161 a composite number?
False
Is 189023 a composite number?
True
Is 1841 prime?
False
Is 4279 composite?
True
Is 78673 composite?
True
Is 3647 a prime number?
False
Is 138161 a composite number?
True
Is 29521 composite?
True
Is 3247781 a prime number?
True
Is 26461 a prime number?
False
Is 288901 a prime number?
False
Is 275818 prime?
False
Is 6997 prime?
True
Is 375359 a composite number?
False
Is 276949 a prime number?
True
Is 131543 prime?
True
Is 103457 prime?
True
Is 24257 a prime number?
False
Is 41347 composite?
True
Is 868486 prime?
False